 q(o).
-6
Let i(r) be the third derivative of r**6/120 + r**5/12 + r**4/8 - r**2. Suppose -n = 3*a + 1, 2*a + 3 = 6*a - 3*n. Let c be (2 - 0)*(-1 + a). Determine i(c).
6
Let q(a) = a**3 + 4*a**2 - 6*a - 3. Suppose 3*k - 1 = -16. Give q(k).
2
Let h = -9 - -3. Let k(n) = 3*n + 15. Let j = 12 - 5. Let a(q) = -q - 5. Let p(i) = j*a(i) + 2*k(i). What is p(h)?
1
Let x(k) = -k**2 + 6*k. Let v be (24 - -1) + (-3 - -2). Let i be (6/(-1))/((-18)/v). Let f = i - 3. What is x(f)?
5
Let h(k) = 3*k + 2*k - 2*k - 2. Let u(i) = i - 1. Let o be u(3). Suppose 3*v - 17 = -4*z, o*v - 2*z - 3*z + 4 = 0. Calculate h(v).
7
Let h be (-1 - -11)*(-3)/(-6). Let o(g) = g**3 - 4*g**2 - 3*g - 5. Calculate o(h).
5
Let v(j) = -j**2 + 3. Let u(l) = -l**2 + 4. Let t(d) = 3*u(d) - 4*v(d). What is t(0)?
0
Let d(f) = f**3 + f**2 - f - 2. Suppose -j + 5 = 0, 2*y + 4*j - j = 19. What is d(y)?
8
Let z(d) = -2*d - 24. Let v be z(-15). Let a(q) = q**3 - 7*q**2 + 6*q + 5. Determine a(v).
5
Let s(h) = -1 - 2*h**2 - 13*h + 7*h + h**2. Suppose 0 = 4*a - 5*w - 91, 0 = 2*w - 3*w - 3. Suppose 3*t = 4 - a. Give s(t).
4
Let v(k) = -k + 5. Let j(a) = 2*a - 9. Let q(z) = -4*j(z) - 7*v(z). Give q(-6).
7
Let z(m) be the second derivative of -m**5/120 - m**4/6 + m**3/6 + 2*m. Let g(p) be the second derivative of z(p). What is g(3)?
-7
Suppose -2*l - 4*f = -10, 3*f - 8 = 5*l + 32. Suppose -2*r - 2*r = -8. Let z(s) = -r - 3*s - 1 + 2*s. What is z(l)?
2
Let q(i) be the second derivative of -i**5/20 - i**4/2 - i**3/3 - 3*i**2 - 14*i. Calculate q(-6).
6
Let p(c) = -c + 4. Let f(u) = u - 4. Let q(r) = 4*f(r) + 3*p(r). Determine q(-3).
-7
Let j be (-2)/6 - 33/9. Let z be (-2)/(1 - j/(-2)). Let n(v) = 5*v - z + v**3 + 6*v**2 - 4 + 0*v**2. Determine n(-5).
-6
Let y(f) = f**3 - 4*f**2. Let q be (-2*(-1)/(-1))/(-2). Let i be (-9)/5*(-6 + q). Let k = -6 + i. Give y(k).
-9
Let h(d) = -1 + 3*d - 4*d**2 - 2*d - 2*d**3 - 4*d. Determine h(-2).
5
Let k = -4 - -6. Let y(w) = 5*w - 25. Let l(s) = s - 6. Let n(t) = k*y(t) - 9*l(t). Suppose 2*x - x + 2*j + 9 = 0, 0 = 3*x - 4*j + 7. Give n(x).
-1
Let w(r) be the third derivative of -r**8/1680 - r**6/720 + r**5/120 + r**4/8 - 2*r**2. Let c(y) be the second derivative of w(y). What is c(1)?
-4
Let z(n) = 6*n. Let x(o) = o + 1. Let g(q) = -3*x(q) + z(q). Give g(-5).
-18
Let f(d) = d + 5. Let w(h) = -h**2 + 3. Let o be w(-3). Give f(o).
-1
Let h(a) be the second derivative of a**4/6 + a**3/3 + a**2/2 - a. Let u be 5 + -9 - (-1 - 2). Let w be (0 - u)*(0 - 1). What is h(w)?
1
Let x(w) = 3*w**2 - 4*w - 1. Let h(k) = -16*k**2 + 21*k + 5. Let o(t) = 2*h(t) + 11*x(t). What is o(2)?
-1
Let l(k) = 3*k**3 + k**2 - 4*k + 8. Let g(v) be the first derivative of -7*v**4/4 - v**3/3 + 4*v**2 - 17*v - 8. Let n(p) = 4*g(p) + 9*l(p). What is n(3)?
10
Let r(i) = -i - 2 + 0 + 3. Let c(l) = -l**2 + 11*l + 8. Let w be c(12). What is r(w)?
5
Suppose 2*c - 7 = 5. Let u(r) be the third derivative of 1/8*r**4 + 0*r + 5/6*r**3 + 0 + 2*r**2 + 1/120*r**c - 1/10*r**5. What is u(5)?
-5
Let i be 1/((6 + -5)/(-4)). Let r(u) = u + 1. Give r(i).
-3
Let u(j) = -j + 1. Let b be u(2). Let q(k) = -1 - 3*k**2 + 2*k**2 + 30*k + 2 - 29*k. What is q(b)?
-1
Suppose 0 = -0*a - 10*a - 30. Let p(f) = 5*f + 5. Let b(g) = 2*g + g + g + 4. Let u(z) = -4*b(z) + 3*p(z). What is u(a)?
2
Let r(l) be the second derivative of -l**5/20 - l**4/4 - 2*l**3/3 - 3*l**2/2 + 8*l. Calculate r(-2).
1
Let k(x) be the first derivative of x**2 + 12*x + 13. Give k(-8).
-4
Let d(a) = 1 - 11*a**3 + 5*a**3 + 0. Suppose -4*r + 11 = 3. Let h be r/12*2*3. Calculate d(h).
-5
Let d(r) = -54 + 59 + r**2 - 6*r + r**2 - 7*r**2 + r**3. What is d(6)?
5
Let s = -1 + -4. Let y be 3/(1 + 2/4). Let q(w) = -50 + 51 + w - y*w. Calculate q(s).
6
Let u be 1/(-3) - (-44)/(-12). Let t(m) = -2*m - 1. What is t(u)?
7
Suppose -2*i + 1 = -1. Let y(p) = p**3 - 2*p**2 + 2*p - 1. Give y(i).
0
Let l(z) be the first derivative of 1 + 0*z - 1/24*z**4 + 1/6*z**3 + 1/2*z**2. Let i(a) be the second derivative of l(a). Calculate i(-5).
6
Suppose 5*m + 6 - 1 = 0. Let v be (-121)/(-3) + (-6)/(-9). Let g(l) = -v + 2*l**2 - l + 41. Calculate g(m).
3
Let f(o) = -o**3 + 4*o. Let u be f(2). Let z(p) = -p - 18. Give z(u).
-18
Let t(z) = -3*z - 6. Let d(i) = -9*i - 17. Let k(b) = -4*d(b) + 11*t(b). Suppose 0*h + h = -5*s - 2, 2*h - 7 = s. Determine k(h).
11
Let f(b) be the third derivative of -b**5/60 - b**4/8 - 9*b**2. Determine f(-5).
-10
Let k(i) = -3*i - 2 + 7*i + 4. Let s(g) = -5*g - 2. Let u(o) = -4*k(o) - 3*s(o). What is u(-2)?
0
Let r(l) be the first derivative of l**4/4 - 5*l**3/3 + 2*l**2 + 5*l - 22. Determine r(4).
5
Let l(p) be the first derivative of 3*p**2/2 - 11*p - 5. Determine l(8).
13
Let j(d) = 3*d**3 + d**2 + 15*d + 6. Let w(l) = -l**3 - 5*l - 2. Let p(n) = 4*j(n) + 11*w(n). Give p(-3).
-4
Let o(i) = -3*i**2. Let h(x) = x**3 - 11*x**2 - 12*x + 6. Let z be h(12). Let s = z + -7. Determine o(s).
-3
Let x(w) = -7*w - 28*w**3 + 44*w**3 - 2 - 17*w**3 - 6*w**2. Let u = 1 - -2. Suppose 2*a + u = -7. Give x(a).
8
Let w(z) = z - 1. Let g(a) = -3*a + 2. Let j(l) = g(l) + 2*w(l). Let r(y) = -4*y - 1. Let t(u) = 5*j(u) - r(u). Suppose 0 = -0*f - 4*f + 8. What is t(f)?
-1
Let y(t) = -39*t - 42. Let z(c) = -11*c - 12. Let s(b) = 5*y(b) - 18*z(b). Calculate s(-4).
-6
Let h(s) = s**2 + 11*s + 13. Let u be h(-10). Suppose -2*k = -u*k + 4. Let g(b) = -5*b + 3. What is g(k)?
-17
Let i(k) = 14*k**2 - 15*k + 21. Let j(q) = -5*q**2 + 5*q - 7. Let h(m) = 6*i(m) + 17*j(m). What is h(-5)?
7
Let o(w) = 2*w**3 - 3*w**2 + 3 - 2 + 1 + w. Let p(j) = j + 2. Let b be p(0). Calculate o(b).
8
Let l(g) = -g - 1. Let c(n) = -n**3 - 3*n**2 + 2. Let j(v) = -c(v) - l(v). Suppose p = -0*f + 2*f + 10, 5*f + 23 = 2*p. What is j(f)?
-4
Let g(b) = -7*b + 0 - b**2 - 4 + 0. Let l be g(-5). Let p(t) = 2*t - 7. Calculate p(l).
5
Let l = 141 - 143. Let k(z) = -z - 1. Calculate k(l).
1
Let k(w) = 4*w. Suppose -5*n = -0*n - 85. Suppose 7 = -2*s + n. Suppose 0 = -5*q - 5*t + s, -5*q + 5 = -t + 5*t. Determine k(q).
4
Suppose 4*t = -11 - 9. Let y(q) = -q**2 - 3*q + 7. Calculate y(t).
-3
Let b(l) = 5*l**2 + 5*l + 5. Let o(i) = -9*i**2 - 9*i - 9. Let r(g) = -11*b(g) - 6*o(g). Suppose 0 = 5*k - 9*k + 8. Let a be (28/7)/(k*-1). Give r(a).
-3
Let u(h) be the second derivative of -h**4/12 + 2*h**3/3 - h**2/2 - 4*h. Suppose 54 = 3*x - 6. Let o be (-54)/(-10) - 8/x. What is u(o)?
-6
Let x(j) be the first derivative of 2*j**2 - 6*j + 6. Determine x(5).
14
Suppose 3*h + 2*h + 30 = 0. Let r(g) = -g**3 - 7*g**2 - 5*g + 8. Let q be r(h). Let f(t) = -5*t**q + t + 4*t**2 - 4 + 0*t**2. Give f(0).
-4
Let t(b) be the first derivative of -5/12*b**4 - 2*b + 2/3*b**3 + 1/20*b**5 - 1 - b**2. Let z(g) be the first derivative of t(g). Calculate z(4).
-2
Let w(d) = d**2 - 5 - 6*d**2 + 7*d - 6*d**2 + 10*d**2. Give w(5).
5
Let d = 103 - 1544/15. Let f(i) be the third derivative of 0 - 1/6*i**3 + 1/12*i**4 - i**2 + d*i**5 - 1/120*i**6 + 0*i. Calculate f(4).
7
Let a(x) = x**3 - 6*x**2 + 6*x - 1. Let r(m) = 2*m - 6*m + 0*m - 3. Let b(w) = w**3 - 4*w**2 + 3*w - 2. Let p be b(3). Let g be r(p). What is a(g)?
4
Let g be -2 - 2/3*-3. Suppose w + 4*c + 4 + 9 = g, 5*c = 2*w. Let z(l) = -l - 3. What is z(w)?
2
Suppose 4*x = -2 + 22. Let t(u) = u - u - u - x*u**2 + u**3 + 4 + 2. Suppose -k + 20 = 3*k. What is t(k)?
1
Let w = 23 - 18. Let u(m) = 2*m - 7. Give u(w).
3
Suppose 3*l + 3*w = 9, 2*l - 3*w - 23 = -3*l. Let b(g) = -g**2 + 4*g + 2. Let v be b(l). Let c(h) = -h**3 - 2*h + 1. Give c(v).
-11
Let l(i) = -i + 2. Let h be (2 - -1)*(-6)/9. Let m = h + -5. Let c be (-8)/12 - m/(-3). Determine l(c).
5
Let t be (-2)/(((-11)/22)/(3/(-6))). Let u(s) = -s**3 - 7*s**2 - 4*s. Let o(g) = -g**3 - 8*g**2 - 5*g. Let m(n) = 2*o(n) - 3*u(n). Calculate m(t).
8
Let l be 2/(-5) + (-6)/10. Let r(k) = 1 - 2 + 2 - 9*k**2 + 2*k. Determine r(l).
-10
Suppose -4*z = -4*t - 16, 4*z - 2*t + 29 = -7*t. Let l(w) = 12*w. Let b(v) = -v. Let d(j) = -8*b(j) - l(j). What is d(z)?
4
Suppose 3*v - 27 = 2*o + 3, -30 = -3*v + o. Suppose 3*r - v = -2*r. Let q(z) = 3*z + 2. Calculate q(r).
8
Suppose 4*g - 8 - 24 = 0. Suppose 4*z + 3*b + 15 = 0, 4*z + 3*b + g = 7*b. Let n(y) be the third derivative of y**5/60 + y**4/24 - 2*y**3/3 + 2*y**2. Give n(z).
2
Let c be 0/(2*(1 - 0)). Let y(v) = -5*v**